{"id":3854,"date":"2021-07-02T20:25:38","date_gmt":"2021-07-02T20:25:38","guid":{"rendered":"https:\/\/astrids.la-studioweb.com\/?page_id=3854"},"modified":"2024-12-04T21:27:42","modified_gmt":"2024-12-04T18:27:42","slug":"yapim-asamasinda","status":"publish","type":"page","link":"https:\/\/devserotomotiv.com.tr\/index.php\/yapim-asamasinda\/","title":{"rendered":"Yap\u0131m A\u015famas\u0131nda"},"content":{"rendered":"\t\t<div data-elementor-type=\"wp-page\" data-elementor-id=\"3854\" class=\"elementor elementor-3854\">\n\t\t\t\t\t\t<div class=\"elementor-section elementor-top-section elementor-element elementor-element-58537ec elementor-section-height-min-height elementor-section-boxed elementor-section-height-default elementor-section-items-middle e-parent\" data-id=\"58537ec\" data-element_type=\"section\" data-settings=\"{&quot;background_background&quot;:&quot;classic&quot;}\">\n\t\t\t\t\t\t<div class=\"elementor-container elementor-column-gap-default\">\n\t\t\t\t\t<div class=\"elementor-column elementor-col-100 elementor-top-column elementor-element elementor-element-f329956 lakit-col-width-auto-no\" data-id=\"f329956\" data-element_type=\"column\">\n\t\t\t<div class=\"elementor-widget-wrap elementor-element-populated\">\n\t\t\t\t\t\t<div class=\"elementor-element elementor-element-21093bd elementor-widget elementor-widget-image\" data-id=\"21093bd\" data-element_type=\"widget\" data-widget_type=\"image.default\">\n\t\t\t\t<div class=\"elementor-widget-container\">\n\t\t\t\t\t\t\t\t\t\t\t\t\t\t\t<img fetchpriority=\"high\" decoding=\"async\" width=\"3199\" height=\"363\" src=\"https:\/\/devserotomotiv.com.tr\/wp-content\/uploads\/2024\/12\/devser-otomotiv2.svg\" class=\"attachment-large size-large wp-image-7590\" alt=\"\" \/>\t\t\t\t\t\t\t\t\t\t\t\t\t\t\t<\/div>\n\t\t\t\t<\/div>\n\t\t\t\t<div class=\"elementor-element elementor-element-b8d5fc2 elementor-invisible elementor-widget elementor-widget-heading\" data-id=\"b8d5fc2\" data-element_type=\"widget\" data-settings=\"{&quot;_animation&quot;:&quot;lakitShortFadeInUp&quot;,&quot;_animation_delay&quot;:200}\" data-widget_type=\"heading.default\">\n\t\t\t\t<div class=\"elementor-widget-container\">\n\t\t\t\t\t<div class=\"elementor-heading-title elementor-size-default\">Web sitesi yak\u0131nda geliyor<\/div>\t\t\t\t<\/div>\n\t\t\t\t<\/div>\n\t\t\t\t<div class=\"elementor-element elementor-element-f2469a9 elementor-invisible elementor-widget elementor-widget-heading\" data-id=\"f2469a9\" data-element_type=\"widget\" data-settings=\"{&quot;_animation&quot;:&quot;lakitShortFadeInUp&quot;,&quot;_animation_delay&quot;:400}\" data-widget_type=\"heading.default\">\n\t\t\t\t<div class=\"elementor-widget-container\">\n\t\t\t\t\t<h2 class=\"elementor-heading-title elementor-size-default\">Yeni Bir \u015eey \u0130n\u015fa Ediyoruz<\/h2>\t\t\t\t<\/div>\n\t\t\t\t<\/div>\n\t\t\t\t<div class=\"elementor-element elementor-element-a97dd6b elementor-invisible elementor-widget elementor-widget-lastudio-countdown-timer\" data-id=\"a97dd6b\" data-element_type=\"widget\" data-settings=\"{&quot;_animation&quot;:&quot;lakitShortFadeInUp&quot;,&quot;_animation_delay&quot;:600}\" data-widget_type=\"lastudio-countdown-timer.default\">\n\t\t\t\t<div class=\"elementor-widget-container\">\n\t\t\t\t\t<div class=\"elementor-lastudio-countdown-timer lastudio-elements js-el\" data-la_component=\"CountDownTimer\">\n\t<div class=\"lastudio-countdown-timer timer-fixed\" data-due-date=\"1734801900\">\n\t\t<div class=\"lastudio-countdown-timer__item item-days\">\n\t<div class=\"lastudio-countdown-timer__item-value\" data-value=\"days\"><span class=\"lastudio-countdown-timer__digit\">0<\/span><span class=\"lastudio-countdown-timer__digit\">0<\/span><\/div>\n\t<div class=\"lastudio-countdown-timer__item-label\">G\u00fcn<\/div><\/div>\n\t\t<div class=\"lastudio-countdown-timer__item item-hours\">\n\t<div class=\"lastudio-countdown-timer__item-value\" data-value=\"hours\"><span class=\"lastudio-countdown-timer__digit\">0<\/span><span class=\"lastudio-countdown-timer__digit\">0<\/span><\/div>\n\t<div class=\"lastudio-countdown-timer__item-label\">Saat<\/div><\/div>\n\t\t<div class=\"lastudio-countdown-timer__item item-minutes\">\n\t<div class=\"lastudio-countdown-timer__item-value\" data-value=\"minutes\"><span class=\"lastudio-countdown-timer__digit\">0<\/span><span class=\"lastudio-countdown-timer__digit\">0<\/span><\/div>\n\t<div class=\"lastudio-countdown-timer__item-label\">Dakika<\/div><\/div>\n\t\t<div class=\"lastudio-countdown-timer__item item-seconds\">\n\t<div class=\"lastudio-countdown-timer__item-value\" data-value=\"seconds\"><span class=\"lastudio-countdown-timer__digit\">0<\/span><span class=\"lastudio-countdown-timer__digit\">0<\/span><\/div>\n\t<div class=\"lastudio-countdown-timer__item-label\">Saniye<\/div><\/div>\n\t<\/div>\n<\/div>\n\t\t\t\t<\/div>\n\t\t\t\t<\/div>\n\t\t\t\t\t<\/div>\n\t\t<\/div>\n\t\t\t\t\t<\/div>\n\t\t<\/div>\n\t\t\t\t<\/div>\n\t\t","protected":false},"excerpt":{"rendered":"<p>Web sitesi yak\u0131nda geliyor Yeni Bir \u015eey \u0130n\u015fa Ediyoruz 00 G\u00fcn 00 Saat 00 Dakika 00 Saniye<\/p>\n","protected":false},"author":1,"featured_media":0,"parent":0,"menu_order":0,"comment_status":"closed","ping_status":"closed","template":"","meta":{"footnotes":""},"class_list":["post-3854","page","type-page","status-publish","hentry"],"_links":{"self":[{"href":"https:\/\/devserotomotiv.com.tr\/index.php\/wp-json\/wp\/v2\/pages\/3854","targetHints":{"allow":["GET"]}}],"collection":[{"href":"https:\/\/devserotomotiv.com.tr\/index.php\/wp-json\/wp\/v2\/pages"}],"about":[{"href":"https:\/\/devserotomotiv.com.tr\/index.php\/wp-json\/wp\/v2\/types\/page"}],"author":[{"embeddable":true,"href":"https:\/\/devserotomotiv.com.tr\/index.php\/wp-json\/wp\/v2\/users\/1"}],"replies":[{"embeddable":true,"href":"https:\/\/devserotomotiv.com.tr\/index.php\/wp-json\/wp\/v2\/comments?post=3854"}],"version-history":[{"count":17,"href":"https:\/\/devserotomotiv.com.tr\/index.php\/wp-json\/wp\/v2\/pages\/3854\/revisions"}],"predecessor-version":[{"id":7814,"href":"https:\/\/devserotomotiv.com.tr\/index.php\/wp-json\/wp\/v2\/pages\/3854\/revisions\/7814"}],"wp:attachment":[{"href":"https:\/\/devserotomotiv.com.tr\/index.php\/wp-json\/wp\/v2\/media?parent=3854"}],"curies":[{"name":"wp","href":"https:\/\/api.w.org\/{rel}","templated":true}]}}